d j.
10
Let p = -8 - -34. Let b = -40 - -105. Calculate the highest common factor of p and b.
13
Let v = -16 - -44. Let u be 596/v - 2/7. What is the greatest common divisor of u and 21?
21
Suppose -3*f - 39 = -6*f. What is the greatest common divisor of 26 and f?
13
Let q be (4 - (1 + -1)) + -1. Suppose -k + 0 = -q. Suppose s = -2, 0 = 3*v + s + k - 16. Calculate the greatest common divisor of 45 and v.
5
Let h be 238/8 + 27/108. What is the highest common divisor of h and 6?
6
Suppose 0 = 5*s + 2*s - 28. Calculate the highest common factor of 3 and s.
1
Suppose 0 = -0*i + 2*i - 24. Let t = -3 + i. Calculate the greatest common divisor of 45 and t.
9
Let z(x) = -2*x - 2. Let h be z(-6). Let s(u) = u**3 - u**2 + 4*u - 2. Let f be s(2). What is the greatest common divisor of h and f?
10
Let g = -42 - -131. Let o = -9 + g. Calculate the highest common divisor of o and 10.
10
Let f be (-4)/(-6) + (-20)/3. Let t be (-20)/f + 3/(-9). Let r be (-438)/(-9) + (-2)/t. What is the greatest common divisor of 6 and r?
6
Suppose 2*q - 45 = -q. Let r(p) = p**3 + 1 - 6*p - 3 + 10*p**2 - 7*p**2. Let h be r(-4). What is the greatest common factor of q and h?
3
Let k be 2/(-7) - (-2112)/42. Let i(f) = f + 6. Let n be i(-7). Let o(a) = -10*a. Let h be o(n). What is the greatest common divisor of k and h?
10
Let o(q) = -q**2 - 13*q - 19. Let f be o(-11). What is the highest common divisor of 27 and f?
3
Let u = -5 - -7. Let g be (3/(-1) + 1)*u. Let l be g/10 - (-128)/20. What is the greatest common divisor of l and 18?
6
Suppose 9 = -3*l + 39. What is the highest common factor of l and 80?
10
Let o = 212 - 112. What is the greatest common divisor of 60 and o?
20
Suppose -3*k + 74 = -5*k. Let l be 38/((-3)/((-9)/2)). Let z = k + l. Calculate the highest common factor of 180 and z.
20
Let h(o) = -7*o - 56. Let d be h(-16). Calculate the highest common factor of d and 7.
7
Suppose 4*o - 7*o + 12 = 0. Suppose -2*w + 5*g = 3*g + o, 3*g - 8 = w. Let v be 1*(20*5 - w). What is the greatest common divisor of v and 9?
9
Let z(k) = k - 1. Let h = -2 + 3. Let d(r) = -8*r - 7. Let c(q) = h*d(q) + 5*z(q). Let f be c(-8). Calculate the greatest common factor of f and 12.
12
Let i(z) = 13*z**2 - 4*z - 4. Let h be i(-2). Calculate the greatest common divisor of 14 and h.
14
Let x be -2*(-1)/(2/11). Suppose -4*j + 6*j - 132 = 0. What is the highest common factor of j and x?
11
Let i be (35/15)/(3/18). Suppose -3*w + y = -2*y - 75, -93 = -5*w - 3*y. What is the greatest common divisor of w and i?
7
Let c be (((-510)/(-20))/17)/(1/2). Calculate the highest common divisor of 3 and c.
3
Suppose n - 2*n + 3*r - 1 = 0, 0 = 4*n + r - 9. Suppose n*k - 70 = -3*k. Let u be 1*125 - (-2 + 1). What is the highest common divisor of u and k?
14
Let o = 6 - 2. Suppose o*t = -5*s + 290, t = 3*t - s - 152. Calculate the highest common divisor of t and 15.
15
Let n = 23 - 16. Let j(g) = -g - 11. Let h be j(-12). Suppose -h = -s + 6. What is the highest common factor of n and s?
7
Let p = 12 - -6. What is the highest common factor of 54 and p?
18
Suppose -15*i + 6*i + 18 = 0. Calculate the greatest common divisor of i and 14.
2
Let n be 1/(2 + 0) + 462/12. What is the highest common factor of n and 26?
13
Suppose 4*d + 5*i - 36 = 0, 1 = 2*i - 7. Suppose -d*q + 4 = -0. Calculate the greatest common divisor of q and 9.
1
Let k = 41 - -3. Suppose 3*q - 3*o = 18, 4*q - 2*o = -0*q + 20. What is the highest common factor of k and q?
4
Let l(q) = 2*q**2 - 5*q. Let p be l(4). Let j(t) = t**3 - 5*t**2 - 2*t - 5. Let i be j(6). Let d = i + -11. What is the highest common factor of d and p?
4
Suppose 58 + 134 = -4*d. Let x be (45/(-6))/(2/d). Suppose -5*n + 61 = -39. Calculate the greatest common factor of n and x.
20
Suppose 2*w - 2*p = -p + 308, 5*w - 4*p - 773 = 0. What is the highest common divisor of 17 and w?
17
Suppose 3*z - 22 = 83. Let f be (1/(-2))/((-2)/(-4)). Let a be 2*f*(-5)/2. What is the greatest common divisor of a and z?
5
Suppose 30 = 3*c - 3*b, -2*c = -0*c + b - 35. Let p = -8 + c. Let q(f) = f**2 - 5*f - 2. Let z be q(p). What is the greatest common factor of 132 and z?
12
Let c(o) = 3*o**2 - 4*o - 3. Let t be c(-2). Let i be -2 - -11*(1 - -10). What is the greatest common factor of i and t?
17
Suppose 0 = -2*i + 8 + 4. Suppose i = 2*b - 18. What is the greatest common divisor of 30 and b?
6
Suppose -3*d = -5*d + 104. What is the greatest common factor of d and 26?
26
Let u be (-25)/(-10)*(1 - -1). Suppose -5*t = -2*y - 55, 2*t - 1 + 0 = u*y. What is the highest common divisor of t and 52?
13
Let b be (0 + (-10 - 1))*2. Let r be 8/(-44) - 70/b. What is the highest common divisor of r and 15?
3
Let b = 3 - -18. Calculate the highest common divisor of b and 7.
7
Let m be (2/(-2))/((-4)/20). Calculate the greatest common factor of m and 115.
5
Let j(m) = -m**3 + 3*m**2 + 5*m + 1. Let s be j(4). Calculate the highest common factor of s and 40.
5
Suppose -3*y - 4*d + 20 = -2*d, 0 = y + d - 8. Suppose 0 = -y*f, 0*f + 3*f = 4*l - 352. Calculate the greatest common divisor of 8 and l.
8
Let j = -23 - -26. Calculate the highest common divisor of j and 3.
3
Let g be 9/(1 + 15/(-24)). Calculate the greatest common factor of g and 96.
24
Suppose 5*g + 110 = 2*a + 3*a, -a + 2*g + 27 = 0. Suppose 2*n - 11 = -5*f, 2 = -4*n - 3*f + a. Calculate the greatest common divisor of 15 and n.
3
Let j(s) = 2*s**2 - 5*s - 7. Let i be j(5). What is the greatest common factor of 36 and i?
18
Let h be -3 + 162 + (2 - 1). Let g(c) = 3*c**2 - 6*c - 8. Let o be g(6). What is the greatest common factor of o and h?
32
Let p(a) = -a**2 + 8*a + 2. Let s be p(8). Let h be (s - 0) + -3 + 96. Calculate the greatest common factor of h and 19.
19
Let a = 4 + -2. Suppose 6*m = a*m + 16. Suppose 2*n - 26 = m. Calculate the greatest common factor of 3 and n.
3
Let t(q) = 3*q**2 - 7*q - 24. Let h be t(-4). Calculate the highest common divisor of h and 13.
13
Suppose -6*r = -5*r - 48. Calculate the greatest common divisor of 24 and r.
24
Let d(t) = -t - 7. Let j be d(-7). Let q(h) = h. Let g be q(2). Suppose -g*n + 4 + 0 = j. What is the greatest common factor of n and 16?
2
Let p = -113 - -121. What is the greatest common divisor of 24 and p?
8
Let a = -2 + 14. Calculate the highest common divisor of 48 and a.
12
Suppose -68 = -5*c + 2*n, -6*c - 5*n + 40 = -c. Calculate the greatest common divisor of 84 and c.
12
Let l be (-26)/(-143) - (-218)/11. What is the greatest common factor of l and 5?
5
Let o(x) = x**3 + 4*x**2 - 24*x + 8. Let a be o(6). Calculate the greatest common divisor of 14 and a.
14
Let x be (-76)/20 + 1/(-5). Let s = 7 - x. Let l = 10 - -1. What is the highest common divisor of s and l?
11
Let x = -95 + 192. Let r = x - -11. Calculate the greatest common divisor of r and 12.
12
Let r = 34 + -21. Calculate the highest common divisor of 26 and r.
13
Suppose 9*o + 7 = 16. Let c(k) = -k**3 - 7*k**2 - 5*k + 7. Let j = 2 + -8. Let w be c(j). Calculate the greatest common factor of o and w.
1
Suppose 0 = 2*h - 2, -57 = 3*n - 4*n + 3*h. Calculate the highest common factor of n and 90.
30
Let j(q) = -2*q + 0*q**2 + q**3 - 4 + 5*q**2 - 2. Let b be j(-4). Let s = -74 - -76. What is the greatest common divisor of b and s?
2
Let x = -7 + 7. Let n be (-35)/(-5) - (x - -2). What is the greatest common divisor of 5 and n?
5
Suppose 10 = -6*h + h. Let s = 2 + h. Suppose s = -r + 2 + 7. What is the greatest common factor of r and 9?
9
Let d(r) = -r**3 + 7*r**2 - 2*r + 14. Let z be d(6). Suppose -354 = -5*v + 121. Calculate the highest common divisor of z and v.
19
Suppose 51 = -4*a + 7. Let g(v) = v**3 + 13*v**2 + 9*v + 11. Let x be g(a). Calculate the highest common divisor of 14 and x.
14
Suppose 3*y + j = 12, -5*y + 4*y + 2*j - 3 = 0. What is the highest common factor of 1 and y?
1
Suppose 0 = -c + 60 - 18. What is the greatest common divisor of 21 and c?
21
Suppose -3*a - 92 = -7*a. What is the highest common factor of a and 115?
23
Let z(y) = -y**2 + 45. Let f be z(0). What is the greatest common factor of 30 and f?
15
Suppose 1212 = 5*l + 302. Suppose 0 = 4*f + 16, -4*k + 1 = -f - 107. What is the greatest common factor of k and l?
26
Let d = 2 + 0. Let m be (d - 1)/(6/60). What is the greatest common factor of 20 and m?
1